{"id":24808,"date":"2016-07-06T11:42:45","date_gmt":"2016-07-06T08:42:45","guid":{"rendered":"http:\/\/localhost\/vihreat\/?page_id=24808"},"modified":"2025-06-13T00:09:53","modified_gmt":"2025-06-12T21:09:53","slug":"yhdistys","status":"publish","type":"page","link":"https:\/\/raahenvihreat.fi\/?page_id=24808","title":{"rendered":"Raahen Vihre\u00e4t ry"},"content":{"rendered":"<h2>Yhdistyksen hallitus v. 2025<\/h2>\n<p><strong>Puheenjohtaja<\/strong><br \/>\nSeppo Sorvari<br \/>\npuh. 045 144 6406<br \/>\nseppo.sorvari(at)vihreat.fi<\/p>\n<p><strong>Varapuheenjohtaja<br \/>\n<\/strong>Sirpa Aho<\/p>\n<p><strong>Sihteeri<br \/>\n<\/strong>Anon Manalainen<\/p>\n<p><strong>Hallituksen muut j\u00e4senet<\/strong><br \/>\nLaila Finska-Linna<br \/>\nMaarit Lampela<br \/>\nSanika Manalainen<br \/>\nArja Sarpola<\/p>\n<h2>Luottamushenkil\u00f6t<\/h2>\n<h3>Raahen kaupunginvaltuusto 2025 &#8211; 2029<\/h3>\n<p><strong>Seppo Sorvari<\/strong>, kaupunginvaltuutettu<br \/>\n<strong>Arja Sarpola<\/strong>, valtuuston 1. varaj\u00e4sen<br \/>\n<strong>Maarit Lampela<\/strong>, valtuuston 2. varaj\u00e4sen<\/p>\n<h3>Kehitt\u00e4mislautakunta<\/h3>\n<p><strong>Seppo Sorvari<\/strong>, j\u00e4sen<br \/>\n<strong>Arja Sarpola<\/strong>, varaj\u00e4sen<\/p>\n<h3>Tarkastuslautakunta<\/h3>\n<p><strong>Maarit Lampela<\/strong>, varsinainen j\u00e4sen<br \/>\n<strong>Sirpa Aho<\/strong>, varaj\u00e4sen<\/p>\n<h3>Lupa- ja valvontajaosto<\/h3>\n<p><strong>Arja Sarpola<\/strong>, varsinainen j\u00e4sen<br \/>\n<strong>Anon Manalainen<\/strong>, varaj\u00e4sen<\/p>\n<h3>Keskusvaalilautakunta<\/h3>\n<p><strong>Merja M\u00e4ki-Penttil\u00e4<\/strong>, 1. varaj\u00e4sen<\/p>\n<h3>Valtuuston suhteellisten vaalien vaalilautakunta<\/h3>\n<p><strong>Seppo Sorvari<\/strong>, varaj\u00e4sen<\/p>\n<h3>Kiinteist\u00f6toimitusten uskottu mies<\/h3>\n<p><strong>Maarit Lampela<\/strong><\/p>\n<h3>Sofia Lybeckerin s\u00e4\u00e4ti\u00f6n hallitus<\/h3>\n<p><strong>Sanika Manalainen<\/strong>, hallituksen j\u00e4sen<\/p>\n<h3>Oulu 2026 -ty\u00f6ryhm\u00e4<\/h3>\n<p><strong>Anon Manalainen<\/strong><\/p>\n<h3>Pohjois-Pohjanmaan liiton maakuntavaltuusto<\/h3>\n<p><strong>Seppo Sorvari<\/strong>, j\u00e4sen<\/p>\n<p>&nbsp;<\/p>\n<h3>Oulun vaalipiirin vihre\u00e4t ry 2024 &#8211; 2025<\/h3>\n<p><strong>Pekka Elonheimo<\/strong>, hallituksen j\u00e4sen<br \/>\n<strong>Anon Manalainen<\/strong>, hallituksen varaj\u00e4sen<\/p>\n<p>&nbsp;<\/p>\n<p style=\"padding-left: 120px; text-align: left;\">Seuraa meit\u00e4 my\u00f6s Facebookissa:<br \/>\n<a href=\"https:\/\/www.facebook.com\/RaahenVihreatRy\/\">https:\/\/www.facebook.com\/RaahenVihreatRy\/<\/a><\/p>\n","protected":false},"excerpt":{"rendered":"<p>Yhdistyksen hallitus v. 2025 Puheenjohtaja Seppo Sorvari puh. 045 144 6406 seppo.sorvari(at)vihreat.fi Varapuheenjohtaja Sirpa Aho Sihteeri Anon Manalainen Hallituksen muut j\u00e4senet Laila Finska-Linna Maarit Lampela Sanika Manalainen Arja Sarpola Luottamushenkil\u00f6t Raahen kaupunginvaltuusto 2025 &#8211; 2029 Seppo Sorvari, kaupunginvaltuutettu Arja Sarpola, valtuuston 1. varaj\u00e4sen Maarit Lampela, valtuuston 2. varaj\u00e4sen Kehitt\u00e4mislautakunta Seppo Sorvari, j\u00e4sen Arja Sarpola, varaj\u00e4sen [&hellip;]<\/p>\n","protected":false},"author":691,"featured_media":0,"parent":0,"menu_order":0,"comment_status":"closed","ping_status":"closed","template":"","meta":{"_et_pb_use_builder":"","_et_pb_old_content":"","_et_gb_content_width":"","footnotes":""},"class_list":["post-24808","page","type-page","status-publish","hentry"],"_links":{"self":[{"href":"https:\/\/raahenvihreat.fi\/index.php?rest_route=\/wp\/v2\/pages\/24808","targetHints":{"allow":["GET"]}}],"collection":[{"href":"https:\/\/raahenvihreat.fi\/index.php?rest_route=\/wp\/v2\/pages"}],"about":[{"href":"https:\/\/raahenvihreat.fi\/index.php?rest_route=\/wp\/v2\/types\/page"}],"author":[{"embeddable":true,"href":"https:\/\/raahenvihreat.fi\/index.php?rest_route=\/wp\/v2\/users\/691"}],"replies":[{"embeddable":true,"href":"https:\/\/raahenvihreat.fi\/index.php?rest_route=%2Fwp%2Fv2%2Fcomments&post=24808"}],"version-history":[{"count":27,"href":"https:\/\/raahenvihreat.fi\/index.php?rest_route=\/wp\/v2\/pages\/24808\/revisions"}],"predecessor-version":[{"id":26124,"href":"https:\/\/raahenvihreat.fi\/index.php?rest_route=\/wp\/v2\/pages\/24808\/revisions\/26124"}],"wp:attachment":[{"href":"https:\/\/raahenvihreat.fi\/index.php?rest_route=%2Fwp%2Fv2%2Fmedia&parent=24808"}],"curies":[{"name":"wp","href":"https:\/\/api.w.org\/{rel}","templated":true}]}}

Raahen Vihreät ry

<h2>Yhdistyksen hallitus v. 2025</h2>
<p><strong>Puheenjohtaja</strong><br />
Seppo Sorvari<br />
puh. 045 144 6406<br />
seppo.sorvari(at)vihreat.fi</p>
<p><strong>Varapuheenjohtaja<br />
</strong>Sirpa Aho</p>
<p><strong>Sihteeri<br />
</strong>Anon Manalainen</p>
<p><strong>Hallituksen muut jäsenet</strong><br />
Laila Finska-Linna<br />
Maarit Lampela<br />
Sanika Manalainen<br />
Arja Sarpola</p>
<h2>Luottamushenkilöt</h2>
<h3>Raahen kaupunginvaltuusto 2025 &#8211; 2029</h3>
<p><strong>Seppo Sorvari</strong>, kaupunginvaltuutettu<br />
<strong>Arja Sarpola</strong>, valtuuston 1. varajäsen<br />
<strong>Maarit Lampela</strong>, valtuuston 2. varajäsen</p>
<h3>Kehittämislautakunta</h3>
<p><strong>Seppo Sorvari</strong>, jäsen<br />
<strong>Arja Sarpola</strong>, varajäsen</p>
<h3>Tarkastuslautakunta</h3>
<p><strong>Maarit Lampela</strong>, varsinainen jäsen<br />
<strong>Sirpa Aho</strong>, varajäsen</p>
<h3>Lupa- ja valvontajaosto</h3>
<p><strong>Arja Sarpola</strong>, varsinainen jäsen<br />
<strong>Anon Manalainen</strong>, varajäsen</p>
<h3>Keskusvaalilautakunta</h3>
<p><strong>Merja Mäki-Penttilä</strong>, 1. varajäsen</p>
<h3>Valtuuston suhteellisten vaalien vaalilautakunta</h3>
<p><strong>Seppo Sorvari</strong>, varajäsen</p>
<h3>Kiinteistötoimitusten uskottu mies</h3>
<p><strong>Maarit Lampela</strong></p>
<h3>Sofia Lybeckerin säätiön hallitus</h3>
<p><strong>Sanika Manalainen</strong>, hallituksen jäsen</p>
<h3>Oulu 2026 -työryhmä</h3>
<p><strong>Anon Manalainen</strong></p>
<h3>Pohjois-Pohjanmaan liiton maakuntavaltuusto</h3>
<p><strong>Seppo Sorvari</strong>, jäsen</p>
<p>&nbsp;</p>
<h3>Oulun vaalipiirin vihreät ry 2024 &#8211; 2025</h3>
<p><strong>Pekka Elonheimo</strong>, hallituksen jäsen<br />
<strong>Anon Manalainen</strong>, hallituksen varajäsen</p>
<p>&nbsp;</p>
<p style="padding-left: 120px; text-align: left;">Seuraa meitä myös Facebookissa:<br />
<a href="https://www.facebook.com/RaahenVihreatRy/">https://www.facebook.com/RaahenVihreatRy/</a></p>

<p>Yhdistyksen hallitus v. 2025 Puheenjohtaja Seppo Sorvari puh. 045 144 6406 seppo.sorvari(at)vihreat.fi Varapuheenjohtaja Sirpa Aho Sihteeri Anon Manalainen Hallituksen muut jäsenet Laila Finska-Linna Maarit Lampela Sanika Manalainen Arja Sarpola Luottamushenkilöt Raahen kaupunginvaltuusto 2025 &#8211; 2029 Seppo Sorvari, kaupunginvaltuutettu Arja Sarpola, valtuuston 1. varajäsen Maarit Lampela, valtuuston 2. varajäsen Kehittämislautakunta Seppo Sorvari, jäsen Arja Sarpola, varajäsen [&hellip;]</p>
